 + 5*m + 1 + 2 = 0. Let z be -3 + 20 - (p + 1). What is the greatest common divisor of z and j?
9
Let i be 300/35 - 8/14. Let l be (-6)/(-21) + 166/7. What is the greatest common factor of i and l?
8
Let q = -9 + 18. Calculate the greatest common divisor of 99 and q.
9
Let h be 1 + 13 + (-10 - -10) - 1. Calculate the greatest common divisor of h and 13.
13
Let m = 60 - 28. What is the highest common divisor of 4 and m?
4
Let s be 5/2 + (-4)/(-8). Calculate the greatest common factor of s and 6.
3
Let x be ((-33)/(-4))/(7/28). Suppose 3*v + 2*c - 5 = -2*c, c + 1 = 0. What is the highest common divisor of v and x?
3
Let g be 7*(6/7)/3. Let p be ((-4)/5)/(g/(-15)). Let i = -2 - -50. What is the highest common factor of p and i?
6
Let x(u) = u**2 + 4*u - 7. Let y = 3 - 1. Suppose y*c + 14 = 4*c. Let j be x(c). What is the highest common divisor of 14 and j?
14
Suppose 8*w - 14*w = -960. What is the greatest common factor of w and 20?
20
Suppose 44 = -3*t + 8. Let p = t + 8. Let s be (22/p)/((-2)/4). Calculate the greatest common factor of 11 and s.
11
Let a be (-39)/(-9) + (-2)/(-3). Suppose g = a*w - 69, 0*g - 19 = -w - 5*g. Calculate the greatest common divisor of w and 98.
14
Let h be -1 + (0 - (-6)/2). Let p = 8 - 4. Let b be 1/4*1*p. What is the highest common divisor of b and h?
1
Suppose 3*b - 14 = 2*b. Calculate the greatest common divisor of b and 154.
14
Let v = 22 - 16. Let c be -3*1/(v/(-10)). Calculate the greatest common factor of 2 and c.
1
Let x(b) = -b**3 + 5*b**2 - 3*b - 1. Let z be x(4). Suppose -2 + z = p. What is the greatest common divisor of p and 9?
1
Suppose -2*c + 22 = -128. Suppose 8*d - c = 3*d. What is the greatest common divisor of d and 165?
15
Suppose 5*s - 6 = 24. Let r(j) = -s + 3 - j**3 + 9*j**2 - 7*j + 0. Let m be r(8). What is the greatest common factor of m and 1?
1
Suppose g = 0, -g - 4*g - 88 = -4*h. What is the greatest common divisor of 33 and h?
11
Let y be 4/6 + (-28)/(-3). Suppose -2*h - d = 2*h + 13, 4*h - 4*d - 12 = 0. Let s be 1 - (-24 - (h - -2)). Calculate the greatest common factor of y and s.
5
Let u be 40/(-8) + 10 + -2. What is the highest common divisor of u and 24?
3
Let w be 0 + 20 + (-1 - 4 - -6). Calculate the highest common divisor of 147 and w.
21
Suppose p - 5 = 1. Calculate the greatest common factor of 18 and p.
6
Let o = -5 + 1. Let l = o + 6. What is the greatest common divisor of l and 5?
1
Let b be (4/(-8))/((-2)/(-4)). Let q(h) = 9*h**2 + 2*h + 1. Let c be q(b). Let f be (3/(-2))/((-3)/16). Calculate the greatest common divisor of f and c.
8
Let m be 36/21*(-21)/(-3) + 1. Let p be 2 - (0 + 0/1). Suppose -v = -5*o + 588 - 132, -p*v + 89 = o. What is the greatest common divisor of o and m?
13
Suppose 4*t + 3*w - 4*w = 535, t - 4*w - 115 = 0. Let p be (-3)/(-4)*(25 + -5). What is the highest common divisor of p and t?
15
Let o be ((-3)/(-2) - 0)*6. Let h(w) = w**3 - 9*w**2 - w + 13. Let g be h(o). Let b be g/18 + (-1057)/(-63). Calculate the greatest common divisor of b and 51.
17
Let r = 2 - -10. Calculate the greatest common factor of r and 3.
3
Suppose -5*f = -385 - 275. Let w = -23 - -19. Let o = w + 16. Calculate the highest common divisor of f and o.
12
Let h(o) = o**3 - 6*o**2 + 3*o - 7. Suppose 0 = -y + 6*y - 30. Let j be h(y). What is the highest common factor of 77 and j?
11
Let u = -31 - -73. Let t be 12/u + 38/14. What is the highest common factor of 6 and t?
3
Suppose 88 = 4*r - 3*z, 3*r + 4*z = 114 - 23. Let j be 1/(-5) - (-505)/r. Calculate the highest common factor of 4 and j.
4
Let b = -6 - -11. Let g be (-88)/(-9) + (-4)/(-18). What is the highest common divisor of b and g?
5
Let x be (20/5 - 2)*3. Calculate the greatest common divisor of 2 and x.
2
Suppose -5*j = -0*j - 5. What is the greatest common divisor of j and 5?
1
Let d = 10 - -52. What is the highest common divisor of d and 155?
31
Let z be (-1 + 2)/(1/5). Let q = -3 + z. Suppose 2*t - q = -0. What is the highest common factor of 1 and t?
1
Let c(n) = 13*n**3 - 10*n**2 - 1 - 6*n**3 + 10*n - 8*n**3. Let j be c(-11). What is the greatest common factor of j and 10?
10
Suppose 0*n - 6544 = -4*n. Let g be 4/26 + n/13. Let u be 21/2*4/3. Calculate the greatest common factor of u and g.
14
Let y(n) = -n**3 + 7*n**2 - 5*n - 7. Let i = 2 - -4. Let w be y(i). Let s be 0/w + (-2)/(-2). What is the greatest common factor of 8 and s?
1
Let p = -4 - -6. Suppose 4*j = p*j - 5*b + 71, -3*b = -j + 8. What is the highest common divisor of 184 and j?
23
Let z(j) = 2*j**2 + 4*j + 3. Let t be z(10). Calculate the highest common factor of t and 27.
27
Suppose u - 4*u = -21. Let l be 4*-2*-1*u. Let a(t) = -2*t - 1. Let i be a(-4). What is the greatest common divisor of i and l?
7
Let f = -7 - -10. Let r(b) = 5*b**2. Let w be r(f). Let i = w + -29. What is the greatest common factor of i and 64?
16
Let i = 57 - -60. What is the greatest common divisor of i and 13?
13
Suppose w + 14 = 4*y + 2*w, -4*y + w + 10 = 0. Suppose -t - 132 = y*t. Let h be t/(-6) + (-2)/4. What is the greatest common divisor of h and 55?
5
Let m be 2*(4 - 1/2*3). What is the highest common divisor of 15 and m?
5
Let i be (-15)/6 + 1/2. Let w be 10 + -9 - (i + -13). What is the highest common factor of 128 and w?
16
Suppose -2*z = -6*z + 176. Calculate the greatest common factor of 4 and z.
4
Suppose 11*h - 100 = h. Calculate the greatest common factor of h and 50.
10
Let w = -96 - -177. Let o = w + -48. Calculate the highest common factor of o and 3.
3
Suppose 0*s = 2*s - 24. What is the greatest common factor of s and 12?
12
Let x = -27 - 0. Let l be x/(-2) - (-7)/14. Let j be 3/2*(-28)/(-6). Calculate the greatest common divisor of j and l.
7
Let l be (-4)/6*(1 - -2). Let f be 218/4 - 1/l. Let r be (-36)/(-63) - 146/(-14). What is the greatest common factor of r and f?
11
Let v = 0 + 0. Let z be 3 - (0 - (0 + v)). Let i = 18 - z. What is the highest common factor of 3 and i?
3
Let j(a) = 3*a**2 - 2*a + 1. Suppose -2*n - c = -1, n + 4*n = c + 6. Let s be j(n). What is the greatest common divisor of s and 1?
1
Let b(m) = 12*m**2 - 1. Let r be b(-1). Suppose a + 74 - 250 = 0. Suppose -z - 3*z = -a. Calculate the greatest common factor of z and r.
11
Let o(l) = 5*l**2 - 3*l**2 + 3*l**2 - 4*l**2 - 3 + 6*l. Let g be o(-7). Calculate the highest common divisor of 6 and g.
2
Let w be (-3)/(9/(-28)) + (-2)/(-3). Suppose h = -3*g + 84, 33 + 59 = h - g. What is the greatest common divisor of h and w?
10
Let k = -4 - 1. Let j be 3/15 + (-14)/k. Let i be 8/(-16) - (-62)/4. What is the greatest common divisor of i and j?
3
Suppose 5 - 21 = -4*t. Suppose -t*s + 455 = s. What is the highest common factor of 13 and s?
13
Let w be (-10827)/(-513) + 2/(-19). What is the highest common divisor of w and 14?
7
Let j(m) = -13*m + 3. Let f be j(-6). Calculate the highest common factor of 9 and f.
9
Suppose 2*q = 4*c + 6, -q - 3*c + 34 = q. Suppose 0 = 5*p - r - 19 - 365, 306 = 4*p - 2*r. Calculate the greatest common factor of q and p.
11
Let i(o) = o**3 - 9*o**2 + 12*o. Let u be i(8). Suppose -22 = -w + u. Calculate the highest common factor of 6 and w.
6
Let t be 2*((-4)/8 + 1). What is the greatest common divisor of 1 and t?
1
Suppose 0 = -2*g + 7*g + 4*y - 797, -2*y = 5*g - 801. Calculate the highest common factor of 23 and g.
23
Suppose -19*s + 1120 = 16*s. Let m = 512 - 352. What is the highest common divisor of s and m?
32
Suppose 2*k = 3*z + 26, -k + 4*z + 12 = -11. Let a = -58 + 93. What is the greatest common divisor of a and k?
7
Let v be -2 + -1 + -3 + 111. What is the highest common factor of 21 and v?
21
Let j(m) = -m**2 - 11*m - 6. Let r be j(-7). Let i = 39 - r. What is the highest common divisor of 68 and i?
17
Let o(a) be the second derivative of -a**3/3 - 11*a**2/2 + 5*a. Let q be o(-10). Calculate the highest common factor of q and 72.
9
Suppose 0*j - j + 264 = 0. What is the greatest common divisor of 24 and j?
24
Let f be (46/4)/((-6)/(-12)). Calculate the highest common divisor of f and 46.
23
Let i be ((-54)/(-4))/(11/44). What is the greatest common divisor of 18 and i?
18
Suppose 2*c + 2*c - 12 = 0. Let r be (c/3)/((-2)/(-60)). Calculate the greatest common factor of r and 15.
15
Suppose -5*n = -2*n - 216. Calculate the highest common divisor of n